 a multiple of 46?
False
Is 16244 a multiple of 4?
True
Does 270 divide 10685?
False
Is 22 a factor of 11446094?
True
Does 129 divide 437242?
False
Is 2066792 a multiple of 28?
True
Is 126072 a multiple of 78?
False
Is 5866848 a multiple of 144?
True
Is 52 a factor of 27439?
False
Is 2215353 a multiple of 21?
True
Does 57 divide 64192?
False
Does 7 divide 10102314?
False
Is 12624994 a multiple of 240?
False
Does 13 divide 2052856?
True
Is 211284 a multiple of 12?
True
Is 216766 a multiple of 167?
True
Is 13 a factor of 163988?
False
Is 29 a factor of 18472786?
False
Does 397 divide 2784558?
True
Is 213560 a multiple of 40?
True
Does 225 divide 58275?
True
Does 29 divide 430070?
True
Is 347460 a multiple of 14?
False
Is 88 a factor of 1258928?
True
Is 193858 a multiple of 14?
True
Does 357 divide 47246?
False
Is 2941229 a multiple of 351?
False
Is 1691594 a multiple of 25?
False
Is 162 a factor of 489187?
False
Is 164 a factor of 721242?
False
Does 17 divide 973777?
True
Is 134 a factor of 4356854?
False
Does 22 divide 12743624?
False
Does 117 divide 202878?
True
Is 812 a factor of 1247449?
False
Is 27 a factor of 3959091?
True
Does 214 divide 838054?
False
Is 55 a factor of 789855?
True
Is 1653921 a multiple of 23?
False
Does 52 divide 1756300?
True
Is 58058 a multiple of 143?
True
Does 147 divide 570948?
True
Is 851028 a multiple of 29?
False
Is 63612 a multiple of 6?
True
Is 1424999 a multiple of 903?
False
Is 176 a factor of 120912?
True
Is 189 a factor of 1313739?
True
Does 11 divide 221202?
False
Does 1923 divide 19449222?
True
Is 1173559 a multiple of 71?
True
Is 5 a factor of 15998?
False
Is 802 a factor of 1365004?
True
Does 63 divide 1952956?
False
Is 234782 a multiple of 2?
True
Does 385 divide 892815?
True
Is 140782 a multiple of 100?
False
Does 58 divide 100348?
False
Does 100 divide 626600?
True
Does 682 divide 87494?
False
Is 27 a factor of 2369200?
False
Is 745 a factor of 698446?
False
Is 16 a factor of 4260288?
True
Does 14 divide 8295596?
False
Is 16006018 a multiple of 7?
True
Is 3 a factor of 412343?
False
Does 175 divide 5723725?
True
Is 4 a factor of 85829?
False
Does 6 divide 875094?
True
Is 7 a factor of 14383?
False
Is 29 a factor of 2442815?
True
Does 141 divide 13944759?
True
Is 290115 a multiple of 15?
True
Is 93 a factor of 909633?
True
Is 179707 a multiple of 11?
True
Is 1230592 a multiple of 704?
True
Is 10 a factor of 209142?
False
Is 206 a factor of 581538?
True
Is 138 a factor of 789912?
True
Is 456042 a multiple of 34?
True
Is 39 a factor of 3701088?
False
Does 46 divide 5444586?
False
Is 3 a factor of 1210?
False
Does 344 divide 664952?
True
Is 1339 a multiple of 13?
True
Is 15 a factor of 231949?
False
Is 2133 a factor of 6895989?
True
Does 25 divide 1642773?
False
Is 43 a factor of 6416517?
False
Does 3 divide 63144?
True
Is 185960 a multiple of 147?
False
Is 386 a factor of 673184?
True
Is 13838 a multiple of 74?
True
Is 8067835 a multiple of 1553?
True
Is 133 a factor of 2227750?
True
Is 28925 a multiple of 5?
True
Does 9 divide 2141316?
True
Is 215 a factor of 227685?
True
Is 13 a factor of 63297?
True
Does 3 divide 53587?
False
Is 35 a factor of 666225?
True
Does 251 divide 1931049?
False
Is 3728 a multiple of 66?
False
Does 261 divide 2862861?
False
Does 115 divide 483755?
False
Is 253 a factor of 198605?
True
Is 7098234 a multiple of 11?
True
Is 130452 a multiple of 26?
False
Does 186 divide 195568?
False
Is 4057112 a multiple of 38?
False
Is 195 a factor of 7434433?
False
Does 54 divide 305680?
False
Is 72200 a multiple of 50?
True
Is 2617890 a multiple of 66?
True
Is 237120 a multiple of 312?
True
Is 328718 a multiple of 26?
True
Is 557730 a multiple of 64?
False
Does 200 divide 1201400?
True
Does 31 divide 101718?
False
Is 40 a factor of 292482?
False
Does 23 divide 117841?
False
Is 173510 a multiple of 24?
False
Is 119491 a multiple of 13?
False
Does 54 divide 1570158?
True
Does 713 divide 1587798?
False
Does 14 divide 2817135?
False
Does 106 divide 394026?
False
Is 70 a factor of 1249430?
True
Does 288 divide 119232?
True
Is 7 a factor of 1926332?
False
Does 182 divide 4712145?
False
Is 842283 a multiple of 9?
True
Is 344 a factor of 2054368?
True
Is 29458 a multiple of 13?
True
Does 202 divide 11807910?
True
Does 2 divide 1909916?
True
Is 129 a factor of 288831?
True
Is 313470 a multiple of 30?
True
Does 229 divide 6770431?
False
Does 358 divide 3461794?
False
Is 59975 a multiple of 25?
True
Is 230705 a multiple of 32?
False
Does 31 divide 326461?
True
Is 5597943 a multiple of 39?
True
Does 15 divide 129471?
False
Is 1203708 a multiple of 12?
True
Does 2 divide 14518?
True
Does 497 divide 2518839?
False
Is 724 a factor of 820180?
False
Does 12 divide 22841424?
True
Does 11 divide 5956610?
True
Is 20 a factor of 15480?
True
Is 71 a factor of 31879?
True
Is 165180 a multiple of 15?
True
Is 6791384 a multiple of 8?
True
Does 39 divide 398346?
True
Does 117 divide 37042?
False
Is 154 a factor of 46816?
True
Does 269 divide 201212?
True
Does 190 divide 4747932?
False
Is 507399 a multiple of 32?
False
Is 975690 a multiple of 45?
True
Does 4 divide 31879?
False
Is 96792 a multiple of 37?
True
Does 30 divide 9638400?
True
Is 43 a factor of 271502?
True
Is 6 a factor of 137694?
True
Does 5 divide 48825?
True
Does 78 divide 123396?
True
Is 4 a factor of 6663107?
False
Does 690 divide 603750?
True
Is 152 a factor of 163385?
False
Is 3 a factor of 1404649?
False
Is 229980 a multiple of 60?
True
Is 35 a factor of 20983?
False
Is 246 a factor of 243002?
False
Is 4452578 a multiple of 57?
False
Is 12428 a multiple of 13?
True
Is 2365601 a multiple of 304?
False
Is 2741913 a multiple of 17?
True
Is 661 a factor of 2751743?
True
Is 15 a factor of 252150?
True
Does 452 divide 11872232?
True
Is 22037964 a multiple of 375?
False
Is 820383 a multiple of 16?
False
Is 395 a factor of 1628980?
True
Is 167754 a multiple of 73?
True
Is 1924 a multiple of 40?
False
Does 53 divide 582576?
True
Does 482 divide 367284?
True
Does 56 divide 226365?
False
Is 7 a factor of 502626?
False
Is 601287 a multiple of 20?
False
Does 51 divide 795500?
False
Is 35 a factor of 23905?
True
Is 334 a factor of 1858042?
True
Is 67616 a multiple of 32?
True
Is 26 a factor of 276783?
False
Is 265185 a multiple of 71?
True
Is 35 a factor of 428960?
True
Is 109 a factor of 77224?
False
Is 1775004 a multiple of 68?
True
Is 3082185 a multiple of 51?
True
Is 3752771 a multiple of 151?
False
Is 710546 a multiple of 13?
False
Is 105 a factor of 1032198?
False
Does 301 divide 6174413?
True
Is 104196 a multiple of 57?
True
Does 9 divide 510336?
True
Does 936 divide 5662800?
True
Does 29 divide 524639?
True
Does 55 divide 95590?
True
Is 2869254 a multiple of 95?
False
Is 472412 even?
True
Is 20 a factor of 367720?
True
Does 771 divide 963589?
False
Is 623072 a multiple of 164?
False
Is 11188643 a multiple of 105?
False
Does 9 divide 213975?
True
Is 130 a factor of 903394?
False
Is 254 a factor of 1772601?
False
Is 991362 a multiple of 127?
True
Is 105619 a multiple of 513?
False
Does 64 divide 1563968?
True
Does 3 divide 2925?
True
Is 132 a factor of 379199?
False
Is 2 a factor of 1120058?
True
Does 68 divide 682224?
False
Is 30188 a multiple of 14?
False
Does 29 divide 250125?
True
Is 679168 a multiple of 22?
False
Is 51834 a multiple of 978?
True
Is 5587601 a multiple of 528?
False
Is 1121 a factor of 120810?
False
Does 9 divide 53496?
True
Is 90399 a multiple of 3?
True
Is 297435 a multiple of 15?
True
Does 11 divide 590351?
False
Is 3319305 a multiple of 165?
True
Is 19 a factor of 12255788?
False
Does 70 divide 513052?
False
Does 39 divide 38571?
True
Does 246 divide 5356583?
False
Does 92 divide 13708?
True
Does 189 divide 2500092?
True
Is 6 a factor of 8437908?
True
Does 46 divide 21225?
False
Is 445 a factor of 751787?
False
Is 61511 a multiple of 445?
False
Is 62 a factor of 273054?
False
Is 51 a factor of 97602?
False
Does 11 divide 563?
False
Does 54 divide 292473?
False
Is 6334 a multiple of 4?
False
Is 93502 a multiple of 39?
False
Does 30 divide 5106090?
True
Is 3713509 a multiple of 120?
False
Does 7 divide 17689?
True
Is 32 a factor of 165024?
True
Does 356 divide 89356?
True
Is 246455 a multiple of 277?
False
Is 3471479 a multiple o